{"id":5795,"date":"2025-05-30T09:14:29","date_gmt":"2025-05-30T12:14:29","guid":{"rendered":"https:\/\/telfio.com.br\/?post_type=product&#038;p=5795"},"modified":"2025-05-30T10:06:09","modified_gmt":"2025-05-30T13:06:09","slug":"cabo-fibra-optica-cfoa-sm-ddr-g-prysmian-06fo-12fo-e-24-fo","status":"publish","type":"product","link":"https:\/\/telfio.com.br\/?product=cabo-fibra-optica-cfoa-sm-ddr-g-prysmian-06fo-12fo-e-24-fo","title":{"rendered":"CABO FIBRA \u00d3PTICA CFOA-SM-DDR-G PRYSMIAN  06fo ,12Fo e 24 fo"},"content":{"rendered":"","protected":false},"excerpt":{"rendered":"<p>\u2022 Elemento central diel\u00e9trico: Fibra de vidro refor\u00e7ado com ou sem<br \/>\nrevestimento<br \/>\n\u2022 Tubo loose: Tecnologia tubo loose (PBT) impregnados por gel tixotr\u00f3pico,<br \/>\nhidr\u00f3fugo contendo at\u00e9 12 fibras \u00f3pticas.<br \/>\n\u2022 Reuni\u00e3o: Os elementos (tubos e enchimentos) s\u00e3o reunidos em tor\u00e7\u00e3o SZ<br \/>\nreversa ao redor do elemento central.<br \/>\n\u2022 Prote\u00e7\u00e3o contra umidade: N\u00facleo protegido com composto n\u00e3o higrosc\u00f3pico<br \/>\n(geleado).<br \/>\n\u2022 Capa interna: Capa externa em termopl\u00e1stico preto, contendo fio de<br \/>\nrasgamento.<br \/>\n\u2022 Elementos de tra\u00e7\u00e3o \/ prote\u00e7\u00e3o contra roedores: Fios diel\u00e9tricos de alto<br \/>\nm\u00f3dulo.<br \/>\n\u2022 Capa externa: Capa externa em termopl\u00e1stico preto resistente aos raios U.V.<br \/>\ne intemp\u00e9ries (NR) ou com prote\u00e7\u00e3o retardante \u00e0 chama (RC), contendo fio de<br \/>\nrasgamento.<\/p>\n<p><strong>OBS. FIBRAS DDR SECO OU GELEADO..<\/strong><\/p>\n","protected":false},"featured_media":5796,"comment_status":"open","ping_status":"closed","template":"","meta":{"_joinchat":[]},"product_brand":[],"product_cat":[73],"product_tag":[],"class_list":{"0":"post-5795","1":"product","2":"type-product","3":"status-publish","4":"has-post-thumbnail","6":"product_cat-fibra","8":"first","9":"instock","10":"shipping-taxable","11":"product-type-simple"},"_links":{"self":[{"href":"https:\/\/telfio.com.br\/index.php?rest_route=\/wp\/v2\/product\/5795","targetHints":{"allow":["GET"]}}],"collection":[{"href":"https:\/\/telfio.com.br\/index.php?rest_route=\/wp\/v2\/product"}],"about":[{"href":"https:\/\/telfio.com.br\/index.php?rest_route=\/wp\/v2\/types\/product"}],"replies":[{"embeddable":true,"href":"https:\/\/telfio.com.br\/index.php?rest_route=%2Fwp%2Fv2%2Fcomments&post=5795"}],"wp:featuredmedia":[{"embeddable":true,"href":"https:\/\/telfio.com.br\/index.php?rest_route=\/wp\/v2\/media\/5796"}],"wp:attachment":[{"href":"https:\/\/telfio.com.br\/index.php?rest_route=%2Fwp%2Fv2%2Fmedia&parent=5795"}],"wp:term":[{"taxonomy":"product_brand","embeddable":true,"href":"https:\/\/telfio.com.br\/index.php?rest_route=%2Fwp%2Fv2%2Fproduct_brand&post=5795"},{"taxonomy":"product_cat","embeddable":true,"href":"https:\/\/telfio.com.br\/index.php?rest_route=%2Fwp%2Fv2%2Fproduct_cat&post=5795"},{"taxonomy":"product_tag","embeddable":true,"href":"https:\/\/telfio.com.br\/index.php?rest_route=%2Fwp%2Fv2%2Fproduct_tag&post=5795"}],"curies":[{"name":"wp","href":"https:\/\/api.w.org\/{rel}","templated":true}]}}