{"id":5739,"date":"2025-04-10T15:18:23","date_gmt":"2025-04-10T18:18:23","guid":{"rendered":"https:\/\/telfio.com.br\/?post_type=product&#038;p=5739"},"modified":"2025-04-11T09:35:20","modified_gmt":"2025-04-11T12:35:20","slug":"cabo-de-rede-100-cobre-cat5e-dupla-capa-pto-blindado","status":"publish","type":"product","link":"https:\/\/telfio.com.br\/?product=cabo-de-rede-100-cobre-cat5e-dupla-capa-pto-blindado","title":{"rendered":"Cabo De Rede 100% Cobre Cat5e Dupla Capa  Pto Blindado"},"content":{"rendered":"","protected":false},"excerpt":{"rendered":"<p>Descri\u00e7\u00e3o: Cabo constitu\u00eddo por condutores 100% cobre com isola\u00e7\u00e3o termopl\u00e1stica, reunidos e blindados por uma fita met\u00e1lica em contato com fio s\u00f3lido estanhado e protegido por dupla capa externa. Especifica\u00e7\u00f5es: &#8211; F\/UTP: Cabo blindado com fita aluminizada &#8211; Cat.5e: Transmiss\u00e3o at\u00e9 100 MHz &#8211; Dupla capa: Capa interna em material retardante a chama &#8211; Capa externa com material termopl\u00e1stico na cor preta &#8211; CMX: Caracter\u00edstica de Inflamabilidade, indicado para aplica\u00e7\u00f5es em tubula\u00e7\u00f5es met\u00e1licas onde n\u00e3o exista concentra\u00e7\u00e3o de cabos nem fluxo de ar for\u00e7ado. Cobertura: Composto termopl\u00e1stica \u00e0 base de cloreto de polivinila (PVC 70 \u00ba) anti chama; 1\u00aa capa: composto termopl\u00e1stico \u00e0 base de cloreto de polivinila (PVC); 2\u00aa Capa: Polietileno de Alta Densi<\/p>\n","protected":false},"featured_media":5740,"comment_status":"open","ping_status":"closed","template":"","meta":{"_joinchat":[]},"product_brand":[],"product_cat":[18],"product_tag":[],"class_list":{"0":"post-5739","1":"product","2":"type-product","3":"status-publish","4":"has-post-thumbnail","6":"product_cat-fios","8":"first","9":"instock","10":"shipping-taxable","11":"product-type-simple"},"_links":{"self":[{"href":"https:\/\/telfio.com.br\/index.php?rest_route=\/wp\/v2\/product\/5739","targetHints":{"allow":["GET"]}}],"collection":[{"href":"https:\/\/telfio.com.br\/index.php?rest_route=\/wp\/v2\/product"}],"about":[{"href":"https:\/\/telfio.com.br\/index.php?rest_route=\/wp\/v2\/types\/product"}],"replies":[{"embeddable":true,"href":"https:\/\/telfio.com.br\/index.php?rest_route=%2Fwp%2Fv2%2Fcomments&post=5739"}],"wp:featuredmedia":[{"embeddable":true,"href":"https:\/\/telfio.com.br\/index.php?rest_route=\/wp\/v2\/media\/5740"}],"wp:attachment":[{"href":"https:\/\/telfio.com.br\/index.php?rest_route=%2Fwp%2Fv2%2Fmedia&parent=5739"}],"wp:term":[{"taxonomy":"product_brand","embeddable":true,"href":"https:\/\/telfio.com.br\/index.php?rest_route=%2Fwp%2Fv2%2Fproduct_brand&post=5739"},{"taxonomy":"product_cat","embeddable":true,"href":"https:\/\/telfio.com.br\/index.php?rest_route=%2Fwp%2Fv2%2Fproduct_cat&post=5739"},{"taxonomy":"product_tag","embeddable":true,"href":"https:\/\/telfio.com.br\/index.php?rest_route=%2Fwp%2Fv2%2Fproduct_tag&post=5739"}],"curies":[{"name":"wp","href":"https:\/\/api.w.org\/{rel}","templated":true}]}}