{"id":5735,"date":"2025-04-10T15:12:16","date_gmt":"2025-04-10T18:12:16","guid":{"rendered":"https:\/\/telfio.com.br\/?post_type=product&#038;p=5735"},"modified":"2025-04-10T15:14:50","modified_gmt":"2025-04-10T18:14:50","slug":"cabo-de-rede-cat5e-legrand-cx-305mts","status":"publish","type":"product","link":"https:\/\/telfio.com.br\/?product=cabo-de-rede-cat5e-legrand-cx-305mts","title":{"rendered":"Cabo De Rede Cat5e Legrand Cx 305mts"},"content":{"rendered":"","protected":false},"excerpt":{"rendered":"<p>CABO UTP CAT5E CMX CAIXA COM 305M CINZA &#8211; LEGRAND<\/p>\n<p>Cabo projetado para transmiss\u00e3o de dados em alta velocidade. Ethernet 100 Base TX,1000 Base T, Token Ring, ATL 155Mb\/s, ATM 622 Mb\/s, FDDI\/CDDI 100Mb\/s, 100 Base VG, etc<\/p>\n<p>O cabo \u00e9 composto por condutores de cobre nu recozido 0,52mm (24AWG) de di\u00e2metro nominal, isolados com polietileno s\u00f3lido. Oscondutores s\u00e3o torcidos em pares e reunidos formando o n\u00facleo de 4pares.<\/p>\n<p>Especifica\u00e7\u00f5es:<\/p>\n<p>Cabos para redes locais cat. 5e Linkeo<\/p>\n<p>Cabos com 4 pares trancados 100ohms<\/p>\n<p>Codigo: T568A E T568B<\/p>\n<p>U\/UTP : 4 pares CMX<\/p>\n<p>Caixa: 305m<\/p>\n","protected":false},"featured_media":5736,"comment_status":"open","ping_status":"closed","template":"","meta":{"_joinchat":[]},"product_brand":[],"product_cat":[18],"product_tag":[],"class_list":{"0":"post-5735","1":"product","2":"type-product","3":"status-publish","4":"has-post-thumbnail","6":"product_cat-fios","8":"first","9":"instock","10":"shipping-taxable","11":"product-type-simple"},"_links":{"self":[{"href":"https:\/\/telfio.com.br\/index.php?rest_route=\/wp\/v2\/product\/5735","targetHints":{"allow":["GET"]}}],"collection":[{"href":"https:\/\/telfio.com.br\/index.php?rest_route=\/wp\/v2\/product"}],"about":[{"href":"https:\/\/telfio.com.br\/index.php?rest_route=\/wp\/v2\/types\/product"}],"replies":[{"embeddable":true,"href":"https:\/\/telfio.com.br\/index.php?rest_route=%2Fwp%2Fv2%2Fcomments&post=5735"}],"wp:featuredmedia":[{"embeddable":true,"href":"https:\/\/telfio.com.br\/index.php?rest_route=\/wp\/v2\/media\/5736"}],"wp:attachment":[{"href":"https:\/\/telfio.com.br\/index.php?rest_route=%2Fwp%2Fv2%2Fmedia&parent=5735"}],"wp:term":[{"taxonomy":"product_brand","embeddable":true,"href":"https:\/\/telfio.com.br\/index.php?rest_route=%2Fwp%2Fv2%2Fproduct_brand&post=5735"},{"taxonomy":"product_cat","embeddable":true,"href":"https:\/\/telfio.com.br\/index.php?rest_route=%2Fwp%2Fv2%2Fproduct_cat&post=5735"},{"taxonomy":"product_tag","embeddable":true,"href":"https:\/\/telfio.com.br\/index.php?rest_route=%2Fwp%2Fv2%2Fproduct_tag&post=5735"}],"curies":[{"name":"wp","href":"https:\/\/api.w.org\/{rel}","templated":true}]}}