{"id":5707,"date":"2025-04-10T10:37:14","date_gmt":"2025-04-10T13:37:14","guid":{"rendered":"https:\/\/telfio.com.br\/?post_type=product&#038;p=5707"},"modified":"2025-04-10T10:37:15","modified_gmt":"2025-04-10T13:37:15","slug":"caixa-de-emenda-drop-grande","status":"publish","type":"product","link":"https:\/\/telfio.com.br\/?product=caixa-de-emenda-drop-grande","title":{"rendered":"CAIXA DE EMENDA DROP GRANDE"},"content":{"rendered":"","protected":false},"excerpt":{"rendered":"<p><strong>CARACTER\u00cdSTICA DO PRODUTO:<\/strong><\/p>\n<ul>\n<li>Veda\u00e7\u00e3o em Oring;<\/li>\n<li>Fechamento por click e parafuso;<\/li>\n<li>A comoda de 2 a 12 fus\u00f5es;<\/li>\n<li>N\u00e3o sofre oxida\u00e7\u00e3o mesmo com as mudan\u00e7as clim\u00e1ticas<\/li>\n<\/ul>\n","protected":false},"featured_media":5708,"comment_status":"open","ping_status":"closed","template":"","meta":{"_joinchat":[]},"product_brand":[],"product_cat":[73],"product_tag":[],"class_list":{"0":"post-5707","1":"product","2":"type-product","3":"status-publish","4":"has-post-thumbnail","6":"product_cat-fibra","8":"first","9":"instock","10":"shipping-taxable","11":"product-type-simple"},"_links":{"self":[{"href":"https:\/\/telfio.com.br\/index.php?rest_route=\/wp\/v2\/product\/5707","targetHints":{"allow":["GET"]}}],"collection":[{"href":"https:\/\/telfio.com.br\/index.php?rest_route=\/wp\/v2\/product"}],"about":[{"href":"https:\/\/telfio.com.br\/index.php?rest_route=\/wp\/v2\/types\/product"}],"replies":[{"embeddable":true,"href":"https:\/\/telfio.com.br\/index.php?rest_route=%2Fwp%2Fv2%2Fcomments&post=5707"}],"wp:featuredmedia":[{"embeddable":true,"href":"https:\/\/telfio.com.br\/index.php?rest_route=\/wp\/v2\/media\/5708"}],"wp:attachment":[{"href":"https:\/\/telfio.com.br\/index.php?rest_route=%2Fwp%2Fv2%2Fmedia&parent=5707"}],"wp:term":[{"taxonomy":"product_brand","embeddable":true,"href":"https:\/\/telfio.com.br\/index.php?rest_route=%2Fwp%2Fv2%2Fproduct_brand&post=5707"},{"taxonomy":"product_cat","embeddable":true,"href":"https:\/\/telfio.com.br\/index.php?rest_route=%2Fwp%2Fv2%2Fproduct_cat&post=5707"},{"taxonomy":"product_tag","embeddable":true,"href":"https:\/\/telfio.com.br\/index.php?rest_route=%2Fwp%2Fv2%2Fproduct_tag&post=5707"}],"curies":[{"name":"wp","href":"https:\/\/api.w.org\/{rel}","templated":true}]}}