{"id":5530,"date":"2024-10-16T11:02:24","date_gmt":"2024-10-16T14:02:24","guid":{"rendered":"https:\/\/telfio.com.br\/?post_type=product&#038;p=5530"},"modified":"2024-10-16T11:02:25","modified_gmt":"2024-10-16T14:02:25","slug":"bloco-bli-com-canaleta","status":"publish","type":"product","link":"https:\/\/telfio.com.br\/?product=bloco-bli-com-canaleta","title":{"rendered":"Bloco BLI com Canaleta"},"content":{"rendered":"","protected":false},"excerpt":{"rendered":"<p>Componente essencial de redes de telefonia. \u00c9 utilizado para conex\u00e3o de cabos e fios telef\u00f4nicos. Fabricado\u00a0 em resina ABS, o que garante resist\u00eancia e qualidade ao produto. Seus terminais s\u00e3o confeccionados em lat\u00e3o revestido, garantindo excelente contato el\u00e9trico, durabilidade e bom acabamento.<br \/>\nO Bloco de Liga\u00e7\u00e3o Interna \u2013 BLI, realiza a interface dos cabos externos e internos, bem como a distribui\u00e7\u00e3o de pares de uma rede telef\u00f4nica interna do usu\u00e1rio. O bloco \u00e9 fornecido com canaleta de montagem.<\/p>\n","protected":false},"featured_media":5531,"comment_status":"open","ping_status":"closed","template":"","meta":{"_joinchat":[]},"product_brand":[],"product_cat":[19],"product_tag":[],"class_list":{"0":"post-5530","1":"product","2":"type-product","3":"status-publish","4":"has-post-thumbnail","6":"product_cat-diversos","8":"first","9":"instock","10":"shipping-taxable","11":"product-type-simple"},"_links":{"self":[{"href":"https:\/\/telfio.com.br\/index.php?rest_route=\/wp\/v2\/product\/5530","targetHints":{"allow":["GET"]}}],"collection":[{"href":"https:\/\/telfio.com.br\/index.php?rest_route=\/wp\/v2\/product"}],"about":[{"href":"https:\/\/telfio.com.br\/index.php?rest_route=\/wp\/v2\/types\/product"}],"replies":[{"embeddable":true,"href":"https:\/\/telfio.com.br\/index.php?rest_route=%2Fwp%2Fv2%2Fcomments&post=5530"}],"wp:featuredmedia":[{"embeddable":true,"href":"https:\/\/telfio.com.br\/index.php?rest_route=\/wp\/v2\/media\/5531"}],"wp:attachment":[{"href":"https:\/\/telfio.com.br\/index.php?rest_route=%2Fwp%2Fv2%2Fmedia&parent=5530"}],"wp:term":[{"taxonomy":"product_brand","embeddable":true,"href":"https:\/\/telfio.com.br\/index.php?rest_route=%2Fwp%2Fv2%2Fproduct_brand&post=5530"},{"taxonomy":"product_cat","embeddable":true,"href":"https:\/\/telfio.com.br\/index.php?rest_route=%2Fwp%2Fv2%2Fproduct_cat&post=5530"},{"taxonomy":"product_tag","embeddable":true,"href":"https:\/\/telfio.com.br\/index.php?rest_route=%2Fwp%2Fv2%2Fproduct_tag&post=5530"}],"curies":[{"name":"wp","href":"https:\/\/api.w.org\/{rel}","templated":true}]}}