{"id":5481,"date":"2024-10-07T11:07:17","date_gmt":"2024-10-07T14:07:17","guid":{"rendered":"https:\/\/telfio.com.br\/?post_type=product&#038;p=5481"},"modified":"2024-10-07T11:07:18","modified_gmt":"2024-10-07T14:07:18","slug":"distribuidor-interno-optico-box-ftta-adapt-fusion-1x16-sc-apc-fibracem","status":"publish","type":"product","link":"https:\/\/telfio.com.br\/?product=distribuidor-interno-optico-box-ftta-adapt-fusion-1x16-sc-apc-fibracem","title":{"rendered":"distribuidor interno optico box ftta adapt fusion 1&#215;16 sc apc &#8211; fibracem"},"content":{"rendered":"","protected":false},"excerpt":{"rendered":"<p>O Box FTTA 1\u00d716 SC APC Adapt Fusion foi desenvolvido para efetuar o atendimento de clientes na modalidade FTTA (Fiber To The Apartment \u2013 Fibra para o Apartamento). Sua concep\u00e7\u00e3o moderna, possibilita efetuar a distribui\u00e7\u00e3o e o gerenciamento das fibras destinadas ao atendimento dos clientes de modo f\u00e1cil e \u00e1gil. A instala\u00e7\u00e3o \u00e9 feita por meio de m\u00f3dulo, o que possibilita e garante a integridade f\u00edsica e \u00f3ptica das fibras, emendas, splitters, conectores e adaptadores.<\/p>\n<p><strong>Permite o atendimento de at\u00e9 16 clientes<\/strong>. Pode ser utilizado tanto em redes com splitters balanceados ou desbalanceados (sistema barramento). N\u00e3o \u00e9 necess\u00e1rio ferramentas especiais para a sua instala\u00e7\u00e3o e montagem.<\/p>\n","protected":false},"featured_media":5482,"comment_status":"open","ping_status":"closed","template":"","meta":{"_joinchat":[]},"product_brand":[],"product_cat":[73],"product_tag":[],"class_list":{"0":"post-5481","1":"product","2":"type-product","3":"status-publish","4":"has-post-thumbnail","6":"product_cat-fibra","8":"first","9":"instock","10":"shipping-taxable","11":"product-type-simple"},"_links":{"self":[{"href":"https:\/\/telfio.com.br\/index.php?rest_route=\/wp\/v2\/product\/5481","targetHints":{"allow":["GET"]}}],"collection":[{"href":"https:\/\/telfio.com.br\/index.php?rest_route=\/wp\/v2\/product"}],"about":[{"href":"https:\/\/telfio.com.br\/index.php?rest_route=\/wp\/v2\/types\/product"}],"replies":[{"embeddable":true,"href":"https:\/\/telfio.com.br\/index.php?rest_route=%2Fwp%2Fv2%2Fcomments&post=5481"}],"wp:featuredmedia":[{"embeddable":true,"href":"https:\/\/telfio.com.br\/index.php?rest_route=\/wp\/v2\/media\/5482"}],"wp:attachment":[{"href":"https:\/\/telfio.com.br\/index.php?rest_route=%2Fwp%2Fv2%2Fmedia&parent=5481"}],"wp:term":[{"taxonomy":"product_brand","embeddable":true,"href":"https:\/\/telfio.com.br\/index.php?rest_route=%2Fwp%2Fv2%2Fproduct_brand&post=5481"},{"taxonomy":"product_cat","embeddable":true,"href":"https:\/\/telfio.com.br\/index.php?rest_route=%2Fwp%2Fv2%2Fproduct_cat&post=5481"},{"taxonomy":"product_tag","embeddable":true,"href":"https:\/\/telfio.com.br\/index.php?rest_route=%2Fwp%2Fv2%2Fproduct_tag&post=5481"}],"curies":[{"name":"wp","href":"https:\/\/api.w.org\/{rel}","templated":true}]}}