{"id":5412,"date":"2024-10-01T15:49:23","date_gmt":"2024-10-01T18:49:23","guid":{"rendered":"https:\/\/telfio.com.br\/?post_type=product&#038;p=5412"},"modified":"2025-04-09T16:39:51","modified_gmt":"2025-04-09T19:39:51","slug":"caixa-de-emenda-optica-24-fibras-dual-junior","status":"publish","type":"product","link":"https:\/\/telfio.com.br\/?product=caixa-de-emenda-optica-24-fibras-dual-junior","title":{"rendered":"CAIXA DE EMENDA \u00d3PTICA 24  FIBRACEM"},"content":{"rendered":"","protected":false},"excerpt":{"rendered":"<p>A Caixa de Emenda \u00d3ptica Dual Junior (CEO Dual Jr) possui comprimento reduzido de 21% em rela\u00e7\u00e3o a\u00a0<a href=\"https:\/\/www.fibracem.com\/produto\/caixa-de-emenda-optica-24-fibras-dual\/\" target=\"_blank\" rel=\"noopener\">CEO Dual<\/a>, devido \u00e0\u00a0<a href=\"https:\/\/www.fibracem.com\/produto\/bandeja-para-caixa-de-emenda-optica-24-fusoes-junior\/\" target=\"_blank\" rel=\"noopener\"><strong>nova bandeja<\/strong><\/a>\u00a0que acomoda a mesma quantidade de emenda em menos espa\u00e7o. Ideal para locais com alta concentra\u00e7\u00e3o de acess\u00f3rios ou em caixas de passagem subterr\u00e2neas. A base se mant\u00e9m a mesma do modelo tradicional.<\/p>\n<p>A Caixa de Emenda \u00d3ptica Dual Junior possui configura\u00e7\u00e3o unidirecional, com 2 entradas ovais \u2013 uma principal e uma reserva \u2013 que permitem o fechamento termocontr\u00e1til ou mec\u00e2nico e 2 entradas cil\u00edndricas para cabos derivados. E f\u00e1cil fechamento mec\u00e2nico entre a c\u00fapula e base atrav\u00e9s de um conjunto de abra\u00e7adeiras.\u00a0<strong><a href=\"https:\/\/www.fibracem.com\/wp-content\/uploads\/2020\/08\/Certificado-DUAL-Junior.pdf\" target=\"_blank\" rel=\"noopener noreferrer\">Homologada pela Anatel<\/a>.<\/strong><\/p>\n<p>Fornecida com o kit de reentrada para a entrada oval e kit de deriva\u00e7\u00e3o.<\/p>\n","protected":false},"featured_media":5413,"comment_status":"open","ping_status":"closed","template":"","meta":{"_joinchat":[]},"product_brand":[],"product_cat":[73],"product_tag":[],"class_list":{"0":"post-5412","1":"product","2":"type-product","3":"status-publish","4":"has-post-thumbnail","6":"product_cat-fibra","8":"first","9":"instock","10":"shipping-taxable","11":"product-type-simple"},"_links":{"self":[{"href":"https:\/\/telfio.com.br\/index.php?rest_route=\/wp\/v2\/product\/5412","targetHints":{"allow":["GET"]}}],"collection":[{"href":"https:\/\/telfio.com.br\/index.php?rest_route=\/wp\/v2\/product"}],"about":[{"href":"https:\/\/telfio.com.br\/index.php?rest_route=\/wp\/v2\/types\/product"}],"replies":[{"embeddable":true,"href":"https:\/\/telfio.com.br\/index.php?rest_route=%2Fwp%2Fv2%2Fcomments&post=5412"}],"wp:featuredmedia":[{"embeddable":true,"href":"https:\/\/telfio.com.br\/index.php?rest_route=\/wp\/v2\/media\/5413"}],"wp:attachment":[{"href":"https:\/\/telfio.com.br\/index.php?rest_route=%2Fwp%2Fv2%2Fmedia&parent=5412"}],"wp:term":[{"taxonomy":"product_brand","embeddable":true,"href":"https:\/\/telfio.com.br\/index.php?rest_route=%2Fwp%2Fv2%2Fproduct_brand&post=5412"},{"taxonomy":"product_cat","embeddable":true,"href":"https:\/\/telfio.com.br\/index.php?rest_route=%2Fwp%2Fv2%2Fproduct_cat&post=5412"},{"taxonomy":"product_tag","embeddable":true,"href":"https:\/\/telfio.com.br\/index.php?rest_route=%2Fwp%2Fv2%2Fproduct_tag&post=5412"}],"curies":[{"name":"wp","href":"https:\/\/api.w.org\/{rel}","templated":true}]}}