{"id":5384,"date":"2024-09-30T16:03:00","date_gmt":"2024-09-30T19:03:00","guid":{"rendered":"https:\/\/telfio.com.br\/?post_type=product&#038;p=5384"},"modified":"2025-04-10T16:38:11","modified_gmt":"2025-04-10T19:38:11","slug":"cabo-ci-40-x10-pares","status":"publish","type":"product","link":"https:\/\/telfio.com.br\/?product=cabo-ci-40-x10-pares","title":{"rendered":"Cabo CI de 10 pares at\u00e9 100 pares"},"content":{"rendered":"","protected":false},"excerpt":{"rendered":"<p>Cabo telef\u00f4nico blindado para instala\u00e7\u00f5es internas.<\/p>\n<p>Podendo ser em Bitola 40 ou 50<\/p>\n<p>&nbsp;<\/p>\n<p><b>CARACTER\u00cdSTICAS:<\/b><\/p>\n<p><b>Condutor:<\/b>\u00a0Cobre eletrol\u00edtico, t\u00eampera mole, estanhado.<br \/>\n<b>Bitola:<\/b> 0,40mm \/ 0,50mm<br \/>\n<b>Isola\u00e7\u00e3o da via:<\/b>\u00a0Polietileno.<br \/>\n<b>Blindagem:<\/b>\u00a0Fita aluminizada helicoidal e fita poli\u00e9ster helicoidal.<br \/>\n<b>Capa:<\/b>\u00a0PVC.<br \/>\n<b>Pares:<\/b> 10 at\u00e9 100.<br \/>\n<b>Cor:<\/b>\u00a0Cinza.<br \/>\n<b>Aplica\u00e7\u00f5es:<\/b>\u00a0Recomendado para instala\u00e7\u00f5es internas<\/p>\n","protected":false},"featured_media":5385,"comment_status":"open","ping_status":"closed","template":"","meta":{"_joinchat":[]},"product_brand":[],"product_cat":[18],"product_tag":[],"class_list":{"0":"post-5384","1":"product","2":"type-product","3":"status-publish","4":"has-post-thumbnail","6":"product_cat-fios","8":"first","9":"instock","10":"shipping-taxable","11":"product-type-simple"},"_links":{"self":[{"href":"https:\/\/telfio.com.br\/index.php?rest_route=\/wp\/v2\/product\/5384","targetHints":{"allow":["GET"]}}],"collection":[{"href":"https:\/\/telfio.com.br\/index.php?rest_route=\/wp\/v2\/product"}],"about":[{"href":"https:\/\/telfio.com.br\/index.php?rest_route=\/wp\/v2\/types\/product"}],"replies":[{"embeddable":true,"href":"https:\/\/telfio.com.br\/index.php?rest_route=%2Fwp%2Fv2%2Fcomments&post=5384"}],"wp:featuredmedia":[{"embeddable":true,"href":"https:\/\/telfio.com.br\/index.php?rest_route=\/wp\/v2\/media\/5385"}],"wp:attachment":[{"href":"https:\/\/telfio.com.br\/index.php?rest_route=%2Fwp%2Fv2%2Fmedia&parent=5384"}],"wp:term":[{"taxonomy":"product_brand","embeddable":true,"href":"https:\/\/telfio.com.br\/index.php?rest_route=%2Fwp%2Fv2%2Fproduct_brand&post=5384"},{"taxonomy":"product_cat","embeddable":true,"href":"https:\/\/telfio.com.br\/index.php?rest_route=%2Fwp%2Fv2%2Fproduct_cat&post=5384"},{"taxonomy":"product_tag","embeddable":true,"href":"https:\/\/telfio.com.br\/index.php?rest_route=%2Fwp%2Fv2%2Fproduct_tag&post=5384"}],"curies":[{"name":"wp","href":"https:\/\/api.w.org\/{rel}","templated":true}]}}