{"id":5317,"date":"2024-09-29T12:31:46","date_gmt":"2024-09-29T15:31:46","guid":{"rendered":"https:\/\/telfio.com.br\/?post_type=product&#038;p=5317"},"modified":"2024-09-29T12:31:46","modified_gmt":"2024-09-29T15:31:46","slug":"suporte-dieletrico-conico","status":"publish","type":"product","link":"https:\/\/telfio.com.br\/?product=suporte-dieletrico-conico","title":{"rendered":"Suporte Diel\u00e9trico C\u00f4nico"},"content":{"rendered":"","protected":false},"excerpt":{"rendered":"<ul>\n<li>Suporte Tubular para BAP Preto<\/li>\n<li>Facilita a instala\u00e7\u00e3o, agregar uma durabilidade maior ao produto e diminuir o custo do existente<\/li>\n<li>N\u00e3o necessita de montagem em sua instala\u00e7\u00e3o e tem uma durabilidade maior exposto \u00e0 v\u00e1rias mudan\u00e7as clim\u00e1ticas<\/li>\n<li>Instala\u00e7\u00e3o de redes externas telef\u00f4nicas em postes \u00e9 e mais pr\u00e1tica e \u00e1gil<\/li>\n<li>Tem a fun\u00e7\u00e3o tamb\u00e9m de diminuir riscos para funcion\u00e1rios<\/li>\n<\/ul>\n","protected":false},"featured_media":5265,"comment_status":"open","ping_status":"closed","template":"","meta":{"_joinchat":[]},"product_brand":[],"product_cat":[17],"product_tag":[],"class_list":{"0":"post-5317","1":"product","2":"type-product","3":"status-publish","4":"has-post-thumbnail","6":"product_cat-injetados","8":"first","9":"instock","10":"shipping-taxable","11":"product-type-simple"},"_links":{"self":[{"href":"https:\/\/telfio.com.br\/index.php?rest_route=\/wp\/v2\/product\/5317","targetHints":{"allow":["GET"]}}],"collection":[{"href":"https:\/\/telfio.com.br\/index.php?rest_route=\/wp\/v2\/product"}],"about":[{"href":"https:\/\/telfio.com.br\/index.php?rest_route=\/wp\/v2\/types\/product"}],"replies":[{"embeddable":true,"href":"https:\/\/telfio.com.br\/index.php?rest_route=%2Fwp%2Fv2%2Fcomments&post=5317"}],"wp:featuredmedia":[{"embeddable":true,"href":"https:\/\/telfio.com.br\/index.php?rest_route=\/wp\/v2\/media\/5265"}],"wp:attachment":[{"href":"https:\/\/telfio.com.br\/index.php?rest_route=%2Fwp%2Fv2%2Fmedia&parent=5317"}],"wp:term":[{"taxonomy":"product_brand","embeddable":true,"href":"https:\/\/telfio.com.br\/index.php?rest_route=%2Fwp%2Fv2%2Fproduct_brand&post=5317"},{"taxonomy":"product_cat","embeddable":true,"href":"https:\/\/telfio.com.br\/index.php?rest_route=%2Fwp%2Fv2%2Fproduct_cat&post=5317"},{"taxonomy":"product_tag","embeddable":true,"href":"https:\/\/telfio.com.br\/index.php?rest_route=%2Fwp%2Fv2%2Fproduct_tag&post=5317"}],"curies":[{"name":"wp","href":"https:\/\/api.w.org\/{rel}","templated":true}]}}