{"id":5316,"date":"2024-09-29T12:28:45","date_gmt":"2024-09-29T15:28:45","guid":{"rendered":"https:\/\/telfio.com.br\/?post_type=product&#038;p=5316"},"modified":"2024-09-29T12:28:46","modified_gmt":"2024-09-29T15:28:46","slug":"supa-01","status":"publish","type":"product","link":"https:\/\/telfio.com.br\/?product=supa-01","title":{"rendered":"Supa 01"},"content":{"rendered":"","protected":false},"excerpt":{"rendered":"<ul>\n<li>Suporte Universal de Passagem e Ancoragem SUPA-01<\/li>\n<li>Suporte multifun\u00e7\u00e3o para postes SIPA-U<\/li>\n<li>Tr\u00eas fun\u00e7\u00f5es em um: Ancoragem, Mini-Diel\u00e9trico e Roldana RP-2.<\/li>\n<li>O produto que comp\u00f5e o suporte n\u00e3o sofrer\u00e1 deforma\u00e7\u00e3o em seu ambiente a ponto de comprometer seu desempenho<\/li>\n<li>Fabricado na cor preta, com prote\u00e7\u00e3o aos raios UV e a intemp\u00e9ries.<\/li>\n<\/ul>\n<p>Aplica\u00e7\u00f5es<\/p>\n<ul>\n<li>Para ANCORAGEM: Elimina o Suporte de Bap, Parafuso M12x35 e Olhal Reto.<\/li>\n<li>Para ANCORAGEM: Elimina o Suporte de Bap, Parafuso M12x35 e Olhal Reto<\/li>\n<li>MINI DIEL\u00c9TRICO: Para sustenta\u00e7\u00e3o de cabos at\u00e9 8mm<\/li>\n<li>MINI DIEL\u00c9TRICO: Para sustenta\u00e7\u00e3o de cabos at\u00e9 8mm<\/li>\n<li>ROLDANA RP-2: Fixa, utilizada para deriva\u00e7\u00e3o do cabo Drop<\/li>\n<li>ROLDANA RP-2: Fixa, utilizada para deriva\u00e7\u00e3o do cabo Drop<\/li>\n<\/ul>\n<p>Muito mais economia e praticidade, integrando solu\u00e7\u00e3o em um s\u00f3 produto para redes de telecomunica\u00e7\u00f5es e energia.<\/p>\n<p>&nbsp;<\/p>\n","protected":false},"featured_media":5264,"comment_status":"open","ping_status":"closed","template":"","meta":{"_joinchat":[]},"product_brand":[],"product_cat":[17],"product_tag":[],"class_list":{"0":"post-5316","1":"product","2":"type-product","3":"status-publish","4":"has-post-thumbnail","6":"product_cat-injetados","8":"first","9":"instock","10":"shipping-taxable","11":"product-type-simple"},"_links":{"self":[{"href":"https:\/\/telfio.com.br\/index.php?rest_route=\/wp\/v2\/product\/5316","targetHints":{"allow":["GET"]}}],"collection":[{"href":"https:\/\/telfio.com.br\/index.php?rest_route=\/wp\/v2\/product"}],"about":[{"href":"https:\/\/telfio.com.br\/index.php?rest_route=\/wp\/v2\/types\/product"}],"replies":[{"embeddable":true,"href":"https:\/\/telfio.com.br\/index.php?rest_route=%2Fwp%2Fv2%2Fcomments&post=5316"}],"wp:featuredmedia":[{"embeddable":true,"href":"https:\/\/telfio.com.br\/index.php?rest_route=\/wp\/v2\/media\/5264"}],"wp:attachment":[{"href":"https:\/\/telfio.com.br\/index.php?rest_route=%2Fwp%2Fv2%2Fmedia&parent=5316"}],"wp:term":[{"taxonomy":"product_brand","embeddable":true,"href":"https:\/\/telfio.com.br\/index.php?rest_route=%2Fwp%2Fv2%2Fproduct_brand&post=5316"},{"taxonomy":"product_cat","embeddable":true,"href":"https:\/\/telfio.com.br\/index.php?rest_route=%2Fwp%2Fv2%2Fproduct_cat&post=5316"},{"taxonomy":"product_tag","embeddable":true,"href":"https:\/\/telfio.com.br\/index.php?rest_route=%2Fwp%2Fv2%2Fproduct_tag&post=5316"}],"curies":[{"name":"wp","href":"https:\/\/api.w.org\/{rel}","templated":true}]}}