{"id":5290,"date":"2024-09-29T10:18:57","date_gmt":"2024-09-29T13:18:57","guid":{"rendered":"https:\/\/telfio.com.br\/?post_type=product&#038;p=5290"},"modified":"2024-09-29T10:18:57","modified_gmt":"2024-09-29T13:18:57","slug":"fio-de-espinar","status":"publish","type":"product","link":"https:\/\/telfio.com.br\/?product=fio-de-espinar","title":{"rendered":"Fio de Espinar"},"content":{"rendered":"","protected":false},"excerpt":{"rendered":"<ul>\n<li>Fio de Espinar \u00e9 produzido com mat\u00e9ria-prima de primeira qualidade, o que garante uma duradoura e perfeita sustenta\u00e7\u00e3o de cabos telef\u00f4nicos em redes a\u00e9reas.<\/li>\n<li>N\u00facleo em arame de a\u00e7o galvanizado, seus rolos s\u00e3o fabricados com n\u00famero de espirais iguais em cada camada, sendo estas paralelas, justapostas e sobrepostas, para que n\u00e3o se embaracem durante a utiliza\u00e7\u00e3o com a m\u00e1quina de espinar cabos, desenrolando-se sem falhas at\u00e9 o final para total aproveitamento do produto.<\/li>\n<\/ul>\n","protected":false},"featured_media":5129,"comment_status":"open","ping_status":"closed","template":"","meta":{"_joinchat":[]},"product_brand":[],"product_cat":[20],"product_tag":[],"class_list":{"0":"post-5290","1":"product","2":"type-product","3":"status-publish","4":"has-post-thumbnail","6":"product_cat-ferragens","8":"first","9":"instock","10":"shipping-taxable","11":"product-type-simple"},"_links":{"self":[{"href":"https:\/\/telfio.com.br\/index.php?rest_route=\/wp\/v2\/product\/5290","targetHints":{"allow":["GET"]}}],"collection":[{"href":"https:\/\/telfio.com.br\/index.php?rest_route=\/wp\/v2\/product"}],"about":[{"href":"https:\/\/telfio.com.br\/index.php?rest_route=\/wp\/v2\/types\/product"}],"replies":[{"embeddable":true,"href":"https:\/\/telfio.com.br\/index.php?rest_route=%2Fwp%2Fv2%2Fcomments&post=5290"}],"wp:featuredmedia":[{"embeddable":true,"href":"https:\/\/telfio.com.br\/index.php?rest_route=\/wp\/v2\/media\/5129"}],"wp:attachment":[{"href":"https:\/\/telfio.com.br\/index.php?rest_route=%2Fwp%2Fv2%2Fmedia&parent=5290"}],"wp:term":[{"taxonomy":"product_brand","embeddable":true,"href":"https:\/\/telfio.com.br\/index.php?rest_route=%2Fwp%2Fv2%2Fproduct_brand&post=5290"},{"taxonomy":"product_cat","embeddable":true,"href":"https:\/\/telfio.com.br\/index.php?rest_route=%2Fwp%2Fv2%2Fproduct_cat&post=5290"},{"taxonomy":"product_tag","embeddable":true,"href":"https:\/\/telfio.com.br\/index.php?rest_route=%2Fwp%2Fv2%2Fproduct_tag&post=5290"}],"curies":[{"name":"wp","href":"https:\/\/api.w.org\/{rel}","templated":true}]}}